{"id":2,"date":"2009-02-16T15:41:54","date_gmt":"2009-02-16T14:41:54","guid":{"rendered":""},"modified":"2012-01-18T12:11:14","modified_gmt":"2012-01-18T11:11:14","slug":"ueber-mich","status":"publish","type":"page","link":"http:\/\/www.gunnarherrmann.de\/blog\/ueber-mich\/","title":{"rendered":"\u00dcbersicht"},"content":{"rendered":"<p>Diese Seite dienst als Verzeichnis der einzelnen Seiten mit besonderen Themen.<\/p>\n","protected":false},"excerpt":{"rendered":"<p>Diese Seite dienst als Verzeichnis der einzelnen Seiten mit besonderen Themen.<\/p>\n","protected":false},"author":2,"featured_media":0,"parent":0,"menu_order":0,"comment_status":"open","ping_status":"open","template":"","meta":{"jetpack_post_was_ever_published":false,"footnotes":""},"class_list":["post-2","page","type-page","status-publish","hentry"],"yoast_head":"<!-- This site is optimized with the Yoast SEO plugin v20.8 - https:\/\/yoast.com\/wordpress\/plugins\/seo\/ -->\n<title>\u00dcbersicht - Gunnars Blog<\/title>\n<meta name=\"description\" content=\"Diese Seite dienst als Verzeichnis der einzelnen Seiten mit besonderen Themen.\" \/>\n<meta name=\"robots\" content=\"index, follow, max-snippet:-1, max-image-preview:large, max-video-preview:-1\" \/>\n<link rel=\"canonical\" href=\"http:\/\/www.gunnarherrmann.de\/blog\/ueber-mich\/\" \/>\n<meta property=\"og:locale\" content=\"de_DE\" \/>\n<meta property=\"og:type\" content=\"article\" \/>\n<meta property=\"og:title\" content=\"\u00dcbersicht - Gunnars Blog\" \/>\n<meta property=\"og:description\" content=\"Diese Seite dienst als Verzeichnis der einzelnen Seiten mit besonderen Themen.\" \/>\n<meta property=\"og:url\" content=\"http:\/\/www.gunnarherrmann.de\/blog\/ueber-mich\/\" \/>\n<meta property=\"og:site_name\" content=\"Gunnars Blog\" \/>\n<meta property=\"article:modified_time\" content=\"2012-01-18T11:11:14+00:00\" \/>\n<script type=\"application\/ld+json\" class=\"yoast-schema-graph\">{\"@context\":\"https:\/\/schema.org\",\"@graph\":[{\"@type\":\"WebPage\",\"@id\":\"http:\/\/www.gunnarherrmann.de\/blog\/ueber-mich\/\",\"url\":\"http:\/\/www.gunnarherrmann.de\/blog\/ueber-mich\/\",\"name\":\"\u00dcbersicht - Gunnars Blog\",\"isPartOf\":{\"@id\":\"http:\/\/www.gunnarherrmann.de\/blog\/#website\"},\"datePublished\":\"2009-02-16T14:41:54+00:00\",\"dateModified\":\"2012-01-18T11:11:14+00:00\",\"description\":\"Diese Seite dienst als Verzeichnis der einzelnen Seiten mit besonderen Themen.\",\"breadcrumb\":{\"@id\":\"http:\/\/www.gunnarherrmann.de\/blog\/ueber-mich\/#breadcrumb\"},\"inLanguage\":\"de\",\"potentialAction\":[{\"@type\":\"ReadAction\",\"target\":[\"http:\/\/www.gunnarherrmann.de\/blog\/ueber-mich\/\"]}]},{\"@type\":\"BreadcrumbList\",\"@id\":\"http:\/\/www.gunnarherrmann.de\/blog\/ueber-mich\/#breadcrumb\",\"itemListElement\":[{\"@type\":\"ListItem\",\"position\":1,\"name\":\"Home\",\"item\":\"http:\/\/www.gunnarherrmann.de\/blog\/\"},{\"@type\":\"ListItem\",\"position\":2,\"name\":\"\u00dcbersicht\"}]},{\"@type\":\"WebSite\",\"@id\":\"http:\/\/www.gunnarherrmann.de\/blog\/#website\",\"url\":\"http:\/\/www.gunnarherrmann.de\/blog\/\",\"name\":\"Gunnars Blog\",\"description\":\"\",\"potentialAction\":[{\"@type\":\"SearchAction\",\"target\":{\"@type\":\"EntryPoint\",\"urlTemplate\":\"http:\/\/www.gunnarherrmann.de\/blog\/?s={search_term_string}\"},\"query-input\":\"required name=search_term_string\"}],\"inLanguage\":\"de\"}]}<\/script>\n<!-- \/ Yoast SEO plugin. -->","yoast_head_json":{"title":"\u00dcbersicht - Gunnars Blog","description":"Diese Seite dienst als Verzeichnis der einzelnen Seiten mit besonderen Themen.","robots":{"index":"index","follow":"follow","max-snippet":"max-snippet:-1","max-image-preview":"max-image-preview:large","max-video-preview":"max-video-preview:-1"},"canonical":"http:\/\/www.gunnarherrmann.de\/blog\/ueber-mich\/","og_locale":"de_DE","og_type":"article","og_title":"\u00dcbersicht - Gunnars Blog","og_description":"Diese Seite dienst als Verzeichnis der einzelnen Seiten mit besonderen Themen.","og_url":"http:\/\/www.gunnarherrmann.de\/blog\/ueber-mich\/","og_site_name":"Gunnars Blog","article_modified_time":"2012-01-18T11:11:14+00:00","schema":{"@context":"https:\/\/schema.org","@graph":[{"@type":"WebPage","@id":"http:\/\/www.gunnarherrmann.de\/blog\/ueber-mich\/","url":"http:\/\/www.gunnarherrmann.de\/blog\/ueber-mich\/","name":"\u00dcbersicht - Gunnars Blog","isPartOf":{"@id":"http:\/\/www.gunnarherrmann.de\/blog\/#website"},"datePublished":"2009-02-16T14:41:54+00:00","dateModified":"2012-01-18T11:11:14+00:00","description":"Diese Seite dienst als Verzeichnis der einzelnen Seiten mit besonderen Themen.","breadcrumb":{"@id":"http:\/\/www.gunnarherrmann.de\/blog\/ueber-mich\/#breadcrumb"},"inLanguage":"de","potentialAction":[{"@type":"ReadAction","target":["http:\/\/www.gunnarherrmann.de\/blog\/ueber-mich\/"]}]},{"@type":"BreadcrumbList","@id":"http:\/\/www.gunnarherrmann.de\/blog\/ueber-mich\/#breadcrumb","itemListElement":[{"@type":"ListItem","position":1,"name":"Home","item":"http:\/\/www.gunnarherrmann.de\/blog\/"},{"@type":"ListItem","position":2,"name":"\u00dcbersicht"}]},{"@type":"WebSite","@id":"http:\/\/www.gunnarherrmann.de\/blog\/#website","url":"http:\/\/www.gunnarherrmann.de\/blog\/","name":"Gunnars Blog","description":"","potentialAction":[{"@type":"SearchAction","target":{"@type":"EntryPoint","urlTemplate":"http:\/\/www.gunnarherrmann.de\/blog\/?s={search_term_string}"},"query-input":"required name=search_term_string"}],"inLanguage":"de"}]}},"jetpack_shortlink":"https:\/\/wp.me\/PyBmm-2","jetpack_sharing_enabled":true,"jetpack-related-posts":[{"id":1562,"url":"http:\/\/www.gunnarherrmann.de\/blog\/ueber-mich\/gunnars-adblock-filter\/","url_meta":{"origin":2,"position":0},"title":"Gunnars Adblock Filter","date":"1. Januar 2012","format":false,"excerpt":"Gunnars Filter f\u00fcr Adblock plus Seit vier Jahre pflege ich eine eigene Filterliste f\u00fcr Adblock Plus. Nat\u00fcrlich gibt es gute Listen im Netz, wobei besonders die von \"Dr. Evil\" zu empfehlen [ist] war. Dr. Evils Liste wird seit Februar 2011 nicht mehr aktualisiert. Aber aus Spa\u00df und mit der M\u00f6glichkeit\u2026","rel":"","context":"\u00c4hnlicher Beitrag","img":{"alt_text":"","src":"","width":0,"height":0},"classes":[]},{"id":4017,"url":"http:\/\/www.gunnarherrmann.de\/blog\/datenschutzerklaerung\/","url_meta":{"origin":2,"position":1},"title":"Datenschutzerkl\u00e4rung","date":"20. Mai 2018","format":false,"excerpt":"Wer wir sindDie Adresse unserer Website ist: http:\/\/www.gunnarherrmann.de\/blog.Welche personenbezogenen Daten wir sammeln und warum wir sie sammelnKommentareWenn Besucher Kommentare auf der Website schreiben, sammeln wir die Daten, die im Kommentar-Formular angezeigt werden, au\u00dferdem die IP-Adresse des Besuchers und den User-Agent-String (damit wird der Browser identifiziert), um die Erkennung von Spam\u2026","rel":"","context":"\u00c4hnlicher Beitrag","img":{"alt_text":"","src":"","width":0,"height":0},"classes":[]},{"id":895,"url":"http:\/\/www.gunnarherrmann.de\/blog\/ueber-mich\/bau-eines-moorbeets\/","url_meta":{"origin":2,"position":2},"title":"Bau eines Moorbeets","date":"3. Oktober 2010","format":false,"excerpt":"Man ben\u00f6tigt: - M\u00f6rtelk\u00fcbel 40l - 2 Eimer 5l - HTM Rohr DN 50 - HTM Muffenstopfen - Floragard Torf Von den Eimern entfernt man die Metallgriffe, bohrt oben ca. 12 und unten zwei L\u00f6cher hinein. Die Eimer und das Rohr stellt man in den K\u00fcbel und f\u00fcllt vorsichtig mit\u2026","rel":"","context":"Mit 2 Kommentaren","img":{"alt_text":"","src":"https:\/\/i0.wp.com\/www.gunnarherrmann.de\/blog\/wp-content\/uploads\/2010\/10\/Moorbeet-1-300x285.jpg?resize=350%2C200","width":350,"height":200},"classes":[]}],"jetpack_likes_enabled":true,"_links":{"self":[{"href":"http:\/\/www.gunnarherrmann.de\/blog\/wp-json\/wp\/v2\/pages\/2","targetHints":{"allow":["GET"]}}],"collection":[{"href":"http:\/\/www.gunnarherrmann.de\/blog\/wp-json\/wp\/v2\/pages"}],"about":[{"href":"http:\/\/www.gunnarherrmann.de\/blog\/wp-json\/wp\/v2\/types\/page"}],"author":[{"embeddable":true,"href":"http:\/\/www.gunnarherrmann.de\/blog\/wp-json\/wp\/v2\/users\/2"}],"replies":[{"embeddable":true,"href":"http:\/\/www.gunnarherrmann.de\/blog\/wp-json\/wp\/v2\/comments?post=2"}],"version-history":[{"count":0,"href":"http:\/\/www.gunnarherrmann.de\/blog\/wp-json\/wp\/v2\/pages\/2\/revisions"}],"wp:attachment":[{"href":"http:\/\/www.gunnarherrmann.de\/blog\/wp-json\/wp\/v2\/media?parent=2"}],"curies":[{"name":"wp","href":"https:\/\/api.w.org\/{rel}","templated":true}]}}